
2, 151, 557
What are the prime factors of 709173?
3, 78797
What are the prime factors of 45?
3, 5
What are the prime factors of 38195913?
3, 7, 47, 38699
What are the prime factors of 2401790?
2, 5, 19, 12641
List the prime factors of 40189.
40189
What are the prime factors of 179702?
2, 19, 4729
List the prime factors of 446376.
2, 3, 7, 2657
What are the prime factors of 101725?
5, 13, 313
List the prime factors of 141047.
47, 3001
What are the prime factors of 524400?
2, 3, 5, 19, 23
What are the prime factors of 1147902?
2, 3, 7, 151, 181
What are the prime factors of 1125054?
2, 3, 7, 8929
What are the prime factors of 6570181?
19, 59, 5861
List the prime factors of 113237.
17, 6661
List the prime factors of 3114101.
79, 39419
What are the prime factors of 5176350?
2, 3, 5, 11503
What are the prime factors of 175791?
3, 7, 11, 761
What are the prime factors of 93066?
2, 3, 15511
List the prime factors of 494327.
494327
What are the prime factors of 114938?
2, 101, 569
List the prime factors of 9562746.
2, 3, 199, 8009
List the prime factors of 1400525.
5, 7, 53, 151
What are the prime factors of 21309?
3, 7103
What are the prime factors of 1444137?
3, 481379
List the prime factors of 11392978.
2, 5696489
List the prime factors of 1441533.
3, 89, 5399
What are the prime factors of 8875579?
31, 191, 1499
List the prime factors of 9390260.
2, 5, 11, 42683
List the prime factors of 6387749.
307, 20807
What are the prime factors of 1168511?
73, 16007
List the prime factors of 1349.
19, 71
What are the prime factors of 1968978?
2, 3, 11, 29833
What are the prime factors of 4097736?
2, 3, 61, 311
List the prime factors of 1081964.
2, 13, 20807
What are the prime factors of 462001?
23, 53, 379
What are the prime factors of 254935?
5, 67, 761
What are the prime factors of 16299286?
2, 1627, 5009
What are the prime factors of 1308962?
2, 809
What are the prime factors of 12219865?
5, 7, 49877
List the prime factors of 40518.
2, 3, 2251
What are the prime factors of 324350?
2, 5, 13, 499
List the prime factors of 33090106.
2, 7, 419, 5641
List the prime factors of 410057.
17, 24121
List the prime factors of 125350.
2, 5, 23, 109
List the prime factors of 303117.
3, 23, 191
What are the prime factors of 5166686?
2, 7, 103, 3583
What are the prime factors of 5861960?
2, 5, 13, 11273
What are the prime factors of 322276?
2, 23, 31, 113
What are the prime factors of 1610552?
2, 23, 8753
What are the prime factors of 5505016?
2, 11, 47
What are the prime factors of 9482701?
311, 30491
What are the prime factors of 138273?
3, 46091
What are the prime factors of 10788999?
3, 13, 17, 16273
List the prime factors of 1687997.
53, 31849
List the prime factors of 297412.
2, 74353
What are the prime factors of 206120?
2, 5, 5153
What are the prime factors of 15586732?
2, 7, 23, 24203
What are the prime factors of 9951343?
9951343
List the prime factors of 323857.
31, 337
List the prime factors of 1290321.
3, 307, 467
List the prime factors of 27638601.
3, 2633, 3499
List the prime factors of 288834.
2, 3, 7, 13, 23
What are the prime factors of 2898890?
2, 5, 289889
What are the prime factors of 1422073?
29, 49037
What are the prime factors of 9258918?
2, 3, 157, 9829
List the prime factors of 6718949.
743, 9043
List the prime factors of 57249.
3, 6361
What are the prime factors of 158575?
5, 6343
What are the prime factors of 744017?
61, 12197
List the prime factors of 220539.
3, 11, 41, 163
What are the prime factors of 438064?
2, 11, 19, 131
What are the prime factors of 1231471?
37, 83, 401
List the prime factors of 205902.
2, 3, 31, 41
List the prime factors of 10440092.
2, 13, 200771
List the prime factors of 4288399.
449, 9551
What are the prime factors of 124158?
2, 3, 20693
List the prime factors of 149513.
7, 13, 31, 53
List the prime factors of 1150478.
2, 7, 37, 2221
List the prime factors of 717394.
2, 358697
What are the prime factors of 6005678?
2, 7, 428977
What are the prime factors of 1224060?
2, 3, 5, 23, 887
List the prime factors of 4272090.
2, 3, 5, 142403
What are the prime factors of 138927?
3, 46309
What are the prime factors of 626951?
13, 29, 1663
What are the prime factors of 2845272?
2, 3, 103, 1151
What are the prime factors of 18320?
2, 5, 229
What are the prime factors of 413231?
7, 13, 19, 239
List the prime factors of 3373516.
2, 843379
List the prime factors of 26427363.
3, 8809121
List the prime factors of 302207.
277, 1091
List the prime factors of 19457736.
2, 3, 107, 7577
List the prime factors of 963745.
5, 192749
List the prime factors of 542668.
2, 7, 19381
List the prime factors of 5974034.
2, 11, 383, 709
List the prime factors of 2711663.
31, 87473
What are the prime factors of 13481756?
2, 661, 5099
What are the prime factors of 3712924?
2, 928231
What are the prime factors of 1501822?
2, 7, 107273
List the prime factors of 734366.
2, 17, 21599
What are the prime factors of 22170648?
2, 3, 577, 1601
List the prime factors of 458945.
5, 19, 4831
List the prime factors of 261531.
3, 29059
List the prime factors of 315886.
2, 59, 2677
What are the prime factors of 15929991?
3, 7, 11, 127, 181
What are the prime factors of 2725429?
7, 55621
List the prime factors of 3456359.
919, 3761
List the prime factors of 312426.
2, 3, 17, 1021
List the prime factors of 3360993.
3, 73, 103, 149
What are the prime factors of 1224007?
467, 2621
What are the prime factors of 2037881?
2037881
What are the prime factors of 522244?
2, 137, 953
List the prime factors of 801294.
2, 3, 13, 10273
What are the prime factors of 3877158?
2, 3, 646193
List the prime factors of 3427779.
3, 1142593
What are the prime factors of 10214239?
7, 1459177
What are the prime factors of 2023400?
2, 5, 67, 151
What are the prime factors of 849858?
2, 3, 197, 719
List the prime factors of 4143770.
2, 5, 31, 13367
What are the prime factors of 1978408?
2, 247301
List the prime factors of 16564550.
2, 5, 61, 5431
List the prime factors of 190475.
5, 19, 401
What are the prime factors of 2039143?
2039143
What are the prime factors of 14350428?
2, 3, 157, 2539
List the prime factors of 72212.
2, 7, 2579
List the prime factors of 9638920.
2, 5, 73, 3301
List the prime factors of 12290254.
2, 257, 23911
List the prime factors of 862416.
2, 3, 53, 113
What are the prime factors of 2970603?
3, 330067
List the prime factors of 3924966.
2, 3, 654161
What are the prime factors of 1956874?
2, 457, 2141
List the prime factors of 1906985.
5, 577, 661
List the prime factors of 2064713.
7, 29, 1453
What are the prime factors of 3811816?
2, 476477
List the prime factors of 3307504.
2, 37, 151
What are the prime factors of 485953?
13, 29, 1289
What are the prime factors of 693232?
2, 37, 1171
List the prime factors of 19788.
2, 3, 17, 97
List the prime factors of 2102807.
7, 71, 4231
List the prime factors of 5526147.
3, 11, 151, 1109
List the prime factors of 268463.
13, 107, 193
List the prime factors of 723402.
2, 3, 40189
What are the prime factors of 10130953?
7, 1447279
What are the prime factors of 3239952?
2, 3, 67499
List the prime factors of 1113627.
3, 229, 1621
What are the prime factors of 1539432?
2, 3, 7127
What are the prime factors of 6169494?
2, 3, 67, 103, 149
List the prime factors of 220331.
79, 2789
List the prime factors of 3043461.
3, 1014487
List the prime factors of 427199.
29, 14731
What are the prime factors of 243712?
2, 7, 17
List the prime factors of 32964724.
2, 13, 633937
List the prime factors of 7378202.
2, 13, 83, 263
What are the prime factors of 64085?
5, 7, 1831
What are the prime factors of 3337616?
2, 19, 10979
List the prime factors of 5052735.
3, 5, 47, 2389
List the prime factors of 22762988.
2, 19, 299513
What are the prime factors of 14266924?
2, 7, 61, 8353
What are the prime factors of 3690886?
2, 283, 6521
What are the prime factors of 6195990?
2, 3, 5, 17, 12149
List the prime factors of 6268886.
2, 13, 17, 1091
List the prime factors of 38301146.
2, 13, 47, 2411
What are the prime factors of 693065?
5, 97, 1429
List the prime factors of 333166.
2, 17, 41, 239
List the prime factors of 686235.
3, 5, 11, 4159
List the prime factors of 9512431.
229, 41539
List the prime factors of 349246.
2, 31, 43, 131
List the prime facto